
Let p(u) = -12*u - 182. Give p(-13).
-26
Let u(w) = -w**2 - 55. Determine u(0).
-55
Let q(d) = -d + 9. Give q(11).
-2
Let y(t) = t + 15. What is y(0)?
15
Let y(l) = -2*l**2 - 10*l + 1. Calculate y(-7).
-27
Let i(c) = c**2 - 2*c - 2. Determine i(4).
6
Let d(c) = 2*c - 19. Determine d(3).
-13
Let s(k) = k**3 - 40*k**2 - 83*k - 19. Determine s(42).
23
Let c(l) = l**3 + 5*l**2 + l + 7. Give c(-5).
2
Let r(t) = -6*t**3 + 110*t**2 - 37*t + 21. Determine r(18).
3
Let q(j) = j**2 - 34*j - 153. What is q(38)?
-1
Let g(p) = -p + 26. Determine g(-13).
39
Let g(o) = 2*o - 12. Give g(5).
-2
Let r(n) = -n**2 - 7*n + 6. Calculate r(-7).
6
Let l(d) = d**2 + 5*d + 10. Calculate l(-4).
6
Let l(m) = -m**2 - 12*m. Calculate l(-11).
11
Let c(s) = -s**3 - 16*s**2 - 14*s + 27. What is c(-15)?
12
Let d(q) = -33*q**3 + 2*q**2 + 3*q + 2. What is d(-1)?
34
Let n(x) = 3*x**2 - 4*x - 4. Calculate n(-1).
3
Let m(z) = -12*z - 504. Determine m(-42).
0
Let q(x) = -x**3 + 2*x + 31. Calculate q(0).
31
Let q(g) = -g**3 + g**2 - g - 15. Determine q(0).
-15
Let x(h) = -h**3 + 4*h**2 + 8*h + 21. What is x(6)?
-3
Let b(o) = -5*o + 19. Determine b(-17).
104
Let z(n) = 4*n - 20. Determine z(4).
-4
Let g(z) = 15*z**2 - 4*z - 3. Determine g(-1).
16
Let r(w) = 6*w - 39. Give r(11).
27
Let h(t) = -t**2 - 6*t + 11. What is h(4)?
-29
Let o(s) = 2*s**3 - s**2 + 3*s + 3. Determine o(-2).
-23
Let c(r) = -2*r**3 + 11*r**2 + 5*r + 2. Give c(6).
-4
Let w(i) = -i + 9. Give w(14).
-5
Let z(a) = 3*a - 11. What is z(16)?
37
Let x(t) = -5*t - 13. Give x(12).
-73
Let t(j) = -7*j - 286. Determine t(-46).
36
Let d(p) = 11*p - 26. Calculate d(7).
51
Let d(f) = -46*f + 275. Calculate d(6).
-1
Let a(z) = -16*z**2 - z + 1. What is a(1)?
-16
Let m(p) = -p**2 - 12*p + 7. Give m(-15).
-38
Let b(g) = -g**2 - 10*g + 46. Determine b(-14).
-10
Let s(a) = -a**3 + 6*a**2 + a - 7. What is s(6)?
-1
Let t(j) = 2*j**3 - 4*j**2 - 8*j + 14. Give t(3).
8
Let b(d) = -d**2 - 9*d - 13. Give b(-9).
-13
Let s(v) = v**2 + 4*v - 8. Calculate s(-5).
-3
Let b(i) = 4*i - 26. What is b(13)?
26
Let w(j) = 2*j + 83. Determine w(-37).
9
Let j(n) = n**2 + n - 32. Calculate j(0).
-32
Let r(j) = -252*j**3 - j**2 - 2*j. Calculate r(-1).
253
Let s(q) = -7*q - 9. Calculate s(-2).
5
Let y(f) = -f + 5. What is y(3)?
2
Let l(t) = -t**3 + 6*t**2 + 18*t - 3. Calculate l(9).
-84
Let t(j) = j**3 - 19*j**2 + 17*j + 16. Give t(18).
-2
Let z(q) = -4*q - 15. Give z(-11).
29
Let x(g) = g**3 - 6*g**2 + 1. Give x(4).
-31
Let t(f) = -f**3 + 6*f**2 - 4*f - 18. Give t(6).
-42
Let s(z) = -z - 10. Determine s(-3).
-7
Let y(n) = n**3 - 20*n**2 - 23*n + 38. What is y(21)?
-4
Let j(w) = 5*w + 97. Give j(-18).
7
Let u(v) = v**3 - 7*v**2 - 2*v. Give u(6).
-48
Let q(w) = w**2 + 2*w - 8. Calculate q(-3).
-5
Let x(v) = -v**2 + 7*v + 16. What is x(9)?
-2
Let i(b) = 2*b**2 + 20*b - 15. Give i(-11).
7
Let g(a) = -28*a - 27. Determine g(-1).
1
Let m(h) = 9*h + 1. Calculate m(1).
10
Let g(b) = 3*b - 37. Give g(-9).
-64
Let q(g) = -6*g + 3. Give q(-6).
39
Let z(a) = 8*a - 9. Determine z(8).
55
Let c(b) = -2*b + 42. Determine c(16).
10
Let v(w) = 38*w + 14. Calculate v(-1).
-24
Let p(d) = -d**3 - 15*d**2 + 12*d - 78. Calculate p(-16).
-14
Let g(f) = -f**3 + 9*f**2 - 11*f + 27. What is g(8)?
3
Let p(n) = -67*n - 338. Calculate p(-5).
-3
Let q(d) = d**3 + 11*d**2 + 8*d - 20. What is q(-10)?
0
Let i(u) = -u**3 - 13*u**2 - 10*u - 12. Calculate i(-12).
-36
Let h(d) = -9*d + 66. What is h(7)?
3
Let a(y) = y**3 - 2*y**2 - 167*y + 4. What is a(-12)?
-8
Let y(j) = j**2 - 12*j + 20. Calculate y(8).
-12
Let v(m) = m**2 + 3*m - 9. Determine v(4).
19
Let y(j) = 4*j + 68. What is y(-17)?
0
Let r(n) = -n**2 + 28*n + 6. What is r(28)?
6
Let r(v) = -15*v - 29. What is r(-2)?
1
Let r(l) = -l**2 + l + 7. Calculate r(4).
-5
Let r(q) = q - 7. Calculate r(11).
4
Let q(w) = -w**2 + 21*w - 94. Determine q(5).
-14
Let k(d) = -d**3 - 24*d**2 - 45*d - 29. Determine k(-22).
-7
Let m(h) = 18*h + 2. Calculate m(-2).
-34
Let k(b) = -3*b + 6. What is k(5)?
-9
Let u(c) = c**2 - 22*c - 22. Determine u(0).
-22
Let s(m) = -m**3 - m**2 + 29. Give s(0).
29
Let y(r) = -4*r**2 - 43*r - 42. Give y(-9).
21
Let p(j) = -2*j**3 + j**2 + j + 12. Determine p(3).
-30
Let f(u) = -4*u - 24. Give f(-8).
8
Let w(z) = -z**3 + 9*z**2 - 14*z + 5. What is w(8)?
-43
Let g(p) = -p + 8. Calculate g(14).
-6
Let y(a) = 3*a**2 + 25*a - 96. Determine y(4).
52
Let u(j) = -j + 8. What is u(7)?
1
Let q(v) = -v**2 - 5*v + 81. Calculate q(-12).
-3
Let c(g) = g**2 + 7. Give c(0).
7
Let d(k) = -k**3 + 4*k**2 + 7*k + 5. What is d(6)?
-25
Let x(p) = p**2 - 19. What is x(5)?
6
Let v(y) = y**2 - 10*y - 6. Calculate v(8).
-22
Let s(x) = x**2 - 7*x + 22. Give s(7).
22
Let i(h) = -h**3 - 3*h**2 + 11*h + 1. Give i(-5).
-4
Let f(u) = 11*u - 126. What is f(12)?
6
Let v(u) = u**3 - 12*u**2 - 9*u - 52. Give v(13).
0
Let m(b) = 7*b**2 - 55*b + 13. Calculate m(8).
21
Let x(f) = 4*f - 30. Give x(7).
-2
Let o(k) = k**3 - 21*k**2 + 56*k - 11. Calculate o(18).
25
Let r(x) = -x + 24. Calculate r(6).
18
Let z(j) = j + 3. Give z(-5).
-2
Let k(m) = m**2 - 23*m + 82. Give k(5).
-8
Let b(c) = -c**3 - 2*c**2 + 7*c + 4. What is b(-4)?
8
Let s(n) = n**3 - 6*n**2 - 19*n + 17. Calculate s(8).
-7
Let x(n) = -9*n**2 + n - 1. Determine x(2).
-35
Let k(w) = -w**2 + 3*w - 8. Determine k(4).
-12
Let y(z) = -z**3 + 4. Calculate y(0).
4
Let c(p) = p**3 + 6*p**2 + 6*p - 1. Determine c(-5).
-6
Let k(x) = -x**2 + 16*x - 56. Calculate k(8).
8
Let a(d) = -d**2 + 3*d - 3. Calculate a(4).
-7
Let a(m) = -2*m**3 + 10*m**2 + 5*m - 34. Calculate a(5).
-9
Let o(d) = -d**3 - d**2 + 36*d - 4. What is o(-7)?
38
Let a(q) = q**2 + q. What is a(0)?
0
Let n(q) = -9*q - 7. Give n(-3).
20
Let o(s) = 28*s**2 + 2*s + 1. What is o(-1)?
27
Let u(g) = g**2 - 7*g - 7. What is u(6)?
-13
Let a(t) = -t**3 - t**2 - 10*t + 19. Calculate a(2).
-13
Let b(l) = -20*l**2 + 3*l + 4. Calculate b(-1).
-19
Let q(p) = p**3 + 20*p**2 - 21. Give q(-20).
-21
Let o(y) = 3*y**2 + 16*y + 24. Calculate o(-4).
8
Let l(j) = 4*j + 9. Determine l(-5).
-11
Let u(n) = 9*n - 158. Give u(18).
4
Let i(d) = 2*d**3 - 3*d**2 - 2*d + 2. Give i(4).
74
Let t(o) = -o**3 + 11*o**2 - 10*o + 9. Determine t(10).
9
Let b(x) = 5*x - 115. What is b(24)?
5
Let o(r) = r**3 - 3*r**2 + 9*r. What is o(3)?
27
Let n(d) = -d**2 + 8*d - 9. What is n(3)?
6
Let p(b) = 7*b - 27. Determine p(4).
1
Let d(a) = -17*a - 1. Determine d(1).
-18
Let u(z) = -3*z**2 + z - 1. What is u(2)?
-11
Let y(i) = -i**2 - 5*i + 4. Calculate y(-5).
4
Let w(x) = -x**2 + 20*x + 95. Give w(-5).
-30
Let q(y) = -y**3 - 5*y**2 + 6*y - 3. Determine q(-6).
-3
Let h(p) = 98*p - 303. Calculate h(3).
-9
Let r(c) = -15*c - 171. Determine r(-11).
-6
Let w(a) = 3*a - 1. Calculate w(-1).
-4
Let u(r) = r**3 - 13*r**2 + 23*r - 17. Give u(11).
-6
Let z(a) = -4*a - 19. What is z(-14)?
37
Let s(a) = -a**3 - 7*a**2 + 2*a - 51. Calculate s(-8).
-3
Let x(u) = 10*u + 244. Calculate x(-24).
4
Let f(q) = -q**3 - q**2 - 2*q + 10. Calculate f(0).
10
Let x(v) = -v**2 + 3*v + 24. Give x(7).
-4
Let s(i) = -12*i + 16. Give s(2).
-8
Let k(l) = l**3 - 14*l**2 + 10*l - 1. Give k(13).
-40
Let h(t) = -t**3 + 4*t**2 + 18*t - 7. What is h(7)?
-28
Let o(k) = -k**3 - 5*k**2 + 2*k + 7. Give o(-5).
-3
Let g(d) = 8*d - 55. What is g(7)?
1
Let m(v) = v**3 + 7*v**2 - 3*v + 5. Calculate m(-7).
26
Let j(n) = n**3 + 15*n**2 + 10*n - 10. Determine j(-15).
-160
Let d(p) = 2*p + 19. Give d(-25).
-31
Let y(f) = -5*f - 6. Determine y(13).
-71
Let z(i) = i**3 - 18*i**2 - 19*i - 16. Determine z(19).
-16
Let c(b) = 23*b - 1. What is c(1)?
22
Let w(g) = -2*g**3 - 8*g**2 - 1. Determine w(-4).
-1
Let n(w) = -2*w**2 + 2*w - 8. What is n(0)?
-8
Let q(r) = r**3 - 8*r**2 + r + 8. Give q(6).
-58
Let j(c) = 10*c - 92. Calculate j(16).
68
Let x(m) = -m + 14. What is x(-10)?
24
Let n(s) = -2*s**2 + s - 13. Calculate n(0).
-13
Let h(p) = -3*p + 55. What is h(9)?
28
Let f(k) = -7*k**2 + 2*k - 3. Determine f(1).
-8
Let l(k) = -99*k - 93. What is l(-1)?
6
Let g(d) = 67*d - 59. What is g(1)?
8
Let v(i) = 2*i + 80. Calculate v(-55).
-30
Let n(k) = -k**3 - 5*k**2 + 8*k - 5. Calculate n(-6).
-17
Let h(q) = q**3 - 7*q**2 - 8*q + 11. Determine h(8).
11
Let w(f) = -f**2 + f + 3. Determine w(-11).
-129
Let q(n) = -2*n**3 - 49*n**2 + 26*n + 36. Calculate q(-2